{"id":273,"date":"2026-03-09T19:29:12","date_gmt":"2026-03-09T18:29:12","guid":{"rendered":"https:\/\/www.evac.hu\/?page_id=273"},"modified":"2026-03-10T19:56:29","modified_gmt":"2026-03-10T18:56:29","slug":"technologia","status":"publish","type":"page","link":"https:\/\/www.evac.hu\/index.php\/technologia\/","title":{"rendered":"Technol\u00f3gia"},"content":{"rendered":"\n<div class=\"wp-block-group\"><div class=\"wp-block-group__inner-container is-layout-constrained wp-block-group-is-layout-constrained\">\n<h1 class=\"wp-block-heading\">Technol\u00f3gia<\/h1>\n\n\n\n<p>Az EVAC v\u00e9szhelyzeti riaszt\u00f3- \u00e9s hangos\u00edt\u00e1si rendszerei egys\u00e9ges technol\u00f3giai architekt\u00far\u00e1ra \u00e9p\u00fclnek. A rendszer k\u00fcl\u00f6nb\u00f6z\u0151 komponensei \u2013 p\u00e9ld\u00e1ul szir\u00e9naegys\u00e9gek, belt\u00e9ri hangos\u00edt\u00e1si rendszerek, bemond\u00f3pultok \u00e9s vez\u00e9rl\u0151modulok \u2013 azonos m\u0171szaki alapokra \u00e9p\u00fclnek, \u00edgy a teljes rendszer homog\u00e9n fel\u00e9p\u00edt\u00e9s\u0171.<\/p>\n\n\n\n<p>Az egys\u00e9ges rendszerarchitekt\u00fara lehet\u0151v\u00e9 teszi, hogy a riaszt\u00e1si \u00e9s hangos\u00edt\u00e1si infrastrukt\u00fara k\u00fcl\u00f6nb\u00f6z\u0151 ipari vagy katasztr\u00f3fav\u00e9delmi k\u00f6rnyezetben is rugalmasan kialak\u00edthat\u00f3 legyen.<\/p>\n\n\n\n<p>A rendszer alkalmas&nbsp;<strong>katasztr\u00f3fav\u00e9delmi riaszt\u00f3jelz\u00e9sek<\/strong>, egyedi riaszt\u00e1si hangok, el\u0151re r\u00f6gz\u00edtett \u00fczenetek \u00e9s \u00e9l\u0151besz\u00e9des t\u00e1j\u00e9koztat\u00e1s sug\u00e1rz\u00e1s\u00e1ra.<\/p>\n<\/div><\/div>\n\n\n\n<div class=\"wp-block-group\"><div class=\"wp-block-group__inner-container is-layout-constrained wp-block-group-is-layout-constrained\">\n<h2 class=\"wp-block-heading\">Egys\u00e9ges rendszerarchitekt\u00fara<\/h2>\n\n\n\n<p>Az EVAC rendszer k\u00fcl\u00f6nb\u00f6z\u0151 komponensei azonos technol\u00f3giai alapokra \u00e9p\u00fclnek, ez\u00e9rt a rendszer egys\u00e9ges m\u00f3don konfigur\u00e1lhat\u00f3 \u00e9s b\u0151v\u00edthet\u0151.<\/p>\n\n\n\n<p>Az egys\u00e9ges architekt\u00fara el\u0151nyei:<\/p>\n\n\n\n<ul class=\"wp-block-list\">\n<li>egys\u00e9ges konfigur\u00e1ci\u00f3 \u00e9s \u00fczemeltet\u00e9s<\/li>\n\n\n\n<li>rugalmas rendszerb\u0151v\u00edt\u00e9s<\/li>\n\n\n\n<li>kompatibilis rendszerkomponensek<\/li>\n\n\n\n<li>hossz\u00fa t\u00e1von fenntarthat\u00f3 rendszerfel\u00e9p\u00edt\u00e9s<\/li>\n<\/ul>\n<\/div><\/div>\n\n\n\n<div class=\"wp-block-group\"><div class=\"wp-block-group__inner-container is-layout-constrained wp-block-group-is-layout-constrained\">\n<h2 class=\"wp-block-heading\">Decentraliz\u00e1lt m\u0171k\u00f6d\u00e9s<\/h2>\n\n\n\n<p>Az EVAC rendszer komponensei \u00f6n\u00e1ll\u00f3 m\u0171k\u00f6d\u00e9sre is k\u00e9pesek. Ez lehet\u0151v\u00e9 teszi, hogy a riaszt\u00e1sok t\u00f6bb vez\u00e9rl\u00e9si pontb\u00f3l is ind\u00edthat\u00f3k vagy kezelhet\u0151k legyenek.<\/p>\n\n\n\n<p>A rendszer konfigur\u00e1ci\u00f3j\u00e1t\u00f3l f\u00fcgg\u0151en p\u00e9ld\u00e1ul:<\/p>\n\n\n\n<ul class=\"wp-block-list\">\n<li>a k\u00f6zponti diszp\u00e9cser minden rendszerkomponenst vez\u00e9relhet<\/li>\n\n\n\n<li>egy adott l\u00e9tes\u00edtm\u00e9ny kezel\u0151je csak a saj\u00e1t ter\u00fclet\u00e9nek eszk\u00f6zeit kezelheti<\/li>\n\n\n\n<li>m\u00e1s biztons\u00e1gi rendszerek \u2013 p\u00e9ld\u00e1ul t\u0171zjelz\u0151 vagy g\u00e1z\u00e9rz\u00e9kel\u0151 rendszerek \u2013 automatikusan riaszt\u00e1st ind\u00edthatnak<\/li>\n<\/ul>\n\n\n\n<p>A riaszt\u00e1sok \u00e9s hangos\u00edt\u00e1si funkci\u00f3k ak\u00e1r <strong>z\u00f3n\u00e1k vagy er\u0151s\u00edt\u0151k szintj\u00e9n<\/strong> is konfigur\u00e1lhat\u00f3k.<\/p>\n<\/div><\/div>\n\n\n\n<div class=\"wp-block-group\"><div class=\"wp-block-group__inner-container is-layout-constrained wp-block-group-is-layout-constrained\">\n<h2 class=\"wp-block-heading\">Megl\u00e9v\u0151 szir\u00e9n\u00e1k integr\u00e1ci\u00f3ja<\/h2>\n\n\n\n<p>Sz\u00e1mos l\u00e9tes\u00edtm\u00e9nyben m\u00e9g hagyom\u00e1nyos, motoros szir\u00e9n\u00e1k m\u0171k\u00f6dnek. Az EVAC rendszer olyan vez\u00e9rl\u0151egys\u00e9gekkel is kieg\u00e9sz\u00edthet\u0151, amelyek lehet\u0151v\u00e9 teszik ezeknek a berendez\u00e9seknek a rendszerbe integr\u00e1l\u00e1s\u00e1t.<\/p>\n\n\n\n<p>A vez\u00e9rl\u0151egys\u00e9gek fel\u00fcgyelik a szir\u00e9na m\u0171k\u00f6d\u00e9s\u00e9hez sz\u00fcks\u00e9ges elektromos param\u00e9tereket, valamint lehet\u0151v\u00e9 teszik a katasztr\u00f3fav\u00e9delmi jelz\u00e9sek automatikus ind\u00edt\u00e1s\u00e1t \u00e9s id\u0151z\u00edt\u00e9s\u00e9t.<\/p>\n<\/div><\/div>\n\n\n\n<div class=\"wp-block-group\"><div class=\"wp-block-group__inner-container is-layout-constrained wp-block-group-is-layout-constrained\">\n<h2 class=\"wp-block-heading\">Rendszerfel\u00e9p\u00edt\u00e9s<\/h2>\n\n\n\n<p>Az al\u00e1bbi \u00e1bra az EVAC riaszt\u00e1si \u00e9s hangos\u00edt\u00e1si rendszer tipikus fel\u00e9p\u00edt\u00e9s\u00e9t szeml\u00e9lteti.<\/p>\n\n\n\n<figure class=\"wp-block-image size-large\"><img loading=\"lazy\" decoding=\"async\" width=\"1024\" height=\"611\" src=\"https:\/\/www.evac.hu\/wp-content\/uploads\/2026\/03\/rendszerfelepites-1024x611.png\" alt=\"\" class=\"wp-image-274\" srcset=\"https:\/\/www.evac.hu\/wp-content\/uploads\/2026\/03\/rendszerfelepites-1024x611.png 1024w, https:\/\/www.evac.hu\/wp-content\/uploads\/2026\/03\/rendszerfelepites-300x179.png 300w, https:\/\/www.evac.hu\/wp-content\/uploads\/2026\/03\/rendszerfelepites-768x459.png 768w, https:\/\/www.evac.hu\/wp-content\/uploads\/2026\/03\/rendszerfelepites-1536x917.png 1536w, https:\/\/www.evac.hu\/wp-content\/uploads\/2026\/03\/rendszerfelepites-2048x1223.png 2048w\" sizes=\"auto, (max-width: 1024px) 100vw, 1024px\" \/><\/figure>\n<\/div><\/div>\n\n\n\n<div class=\"wp-block-group\"><div class=\"wp-block-group__inner-container is-layout-constrained wp-block-group-is-layout-constrained\">\n<h2 class=\"wp-block-heading\">Ipari rendszerekkel t\u00f6rt\u00e9n\u0151 integr\u00e1ci\u00f3<\/h2>\n\n\n\n<p>Az EVAC rendszerei ipari automatiz\u00e1l\u00e1si k\u00f6rnyezetben is alkalmazhat\u00f3k.Az EVAC rendszerei ipari automatiz\u00e1l\u00e1si k\u00f6rnyezetben is alkalmazhat\u00f3k.<\/p>\n\n\n\n<p>Az egyes rendszerkomponensek \u00e1llapota&nbsp;<strong>Modbus kommunik\u00e1ci\u00f3n kereszt\u00fcl lek\u00e9rdezhet\u0151<\/strong>, \u00edgy az eszk\u00f6z\u00f6k fel\u00fcgyelete SCADA vagy m\u00e1s ipari fel\u00fcgyeleti rendszerekb\u0151l is megval\u00f3s\u00edthat\u00f3.<\/p>\n\n\n\n<p>A hangos\u00edt\u00e1si v\u00e9gpontokon kereszt\u00fcl&nbsp;<strong>riaszt\u00e1sok ind\u00edt\u00e1sa \u00e9s le\u00e1ll\u00edt\u00e1sa is vez\u00e9relhet\u0151<\/strong>, \u00edgy a riaszt\u00e1si infrastrukt\u00fara k\u00f6zvetlen\u00fcl integr\u00e1lhat\u00f3 ipari automatiz\u00e1l\u00e1si vagy biztons\u00e1gi rendszerekhez.<\/p>\n<\/div><\/div>\n\n\n\n<div class=\"wp-block-group\"><div class=\"wp-block-group__inner-container is-layout-constrained wp-block-group-is-layout-constrained\">\n<h2 class=\"wp-block-heading\">Kommunik\u00e1ci\u00f3s infrastrukt\u00fara<\/h2>\n\n\n\n<p>Az EVAC rendszerei IP-alap\u00fa kommunik\u00e1ci\u00f3ra \u00e9p\u00fclnek, amely lehet\u0151v\u00e9 teszi a riaszt\u00e1si \u00e9s hangos\u00edt\u00e1si infrastrukt\u00fara rugalmas kialak\u00edt\u00e1s\u00e1t k\u00fcl\u00f6nb\u00f6z\u0151 h\u00e1l\u00f3zati k\u00f6rnyezetekben.<\/p>\n\n\n\n<p>A rendszer m\u0171k\u00f6dhet p\u00e9ld\u00e1ul:<\/p>\n\n\n\n<ul class=\"wp-block-list\">\n<li>ipari Ethernet h\u00e1l\u00f3zaton<\/li>\n\n\n\n<li>optikai h\u00e1l\u00f3zati infrastrukt\u00far\u00e1n nagy t\u00e1vols\u00e1gok eset\u00e9n<\/li>\n\n\n\n<li>vezet\u00e9k n\u00e9lk\u00fcli kapcsolatokon<\/li>\n\n\n\n<li>mobil adatkapcsolaton kereszt\u00fcl<\/li>\n<\/ul>\n\n\n\n<p>Ez lehet\u0151v\u00e9 teszi, hogy a riaszt\u00e1si rendszer a l\u00e9tes\u00edtm\u00e9ny megl\u00e9v\u0151 kommunik\u00e1ci\u00f3s infrastrukt\u00far\u00e1j\u00e1hoz igazodjon.<\/p>\n<\/div><\/div>\n\n\n\n<div class=\"wp-block-group\"><div class=\"wp-block-group__inner-container is-layout-constrained wp-block-group-is-layout-constrained\">\n<h2 class=\"wp-block-heading\">\u00dczembiztos m\u0171k\u00f6d\u00e9s<\/h2>\n\n\n\n<p>A v\u00e9szhelyzeti riaszt\u00e1si rendszerek alapvet\u0151 k\u00f6vetelm\u00e9nye az \u00fczembiztos m\u0171k\u00f6d\u00e9s.<\/p>\n\n\n\n<p>Az EVAC rendszerei olyan architekt\u00far\u00e1ra \u00e9p\u00fclnek, amely lehet\u0151v\u00e9 teszi a stabil \u00e9s kisz\u00e1m\u00edthat\u00f3 m\u0171k\u00f6d\u00e9st komplex ipari k\u00f6rnyezetben is, mik\u00f6zben a rendszer rugalmasan illeszthet\u0151 a l\u00e9tes\u00edtm\u00e9ny m\u0171k\u00f6d\u00e9si \u00e9s biztons\u00e1gi k\u00f6vetelm\u00e9nyeihez.<\/p>\n<\/div><\/div>\n\n\n\n<div class=\"wp-block-group\"><div class=\"wp-block-group__inner-container is-layout-constrained wp-block-group-is-layout-constrained\">\n<h2 class=\"wp-block-heading\">Rendszerintegr\u00e1ci\u00f3<\/h2>\n\n\n\n<p>Az EVAC riaszt\u00e1si \u00e9s hangos\u00edt\u00e1si rendszerei \u00fagy ker\u00fcltek kialak\u00edt\u00e1sra, hogy k\u00fcl\u00f6nb\u00f6z\u0151 ipari \u00e9s biztons\u00e1gi rendszerekkel egy\u00fcttm\u0171k\u00f6dve is alkalmazhat\u00f3k legyenek.<\/p>\n\n\n\n<p>A rendszer nyitott interf\u00e9szeken kereszt\u00fcl kapcsol\u00f3dhat m\u00e1s infrastrukt\u00far\u00e1khoz, \u00edgy a riaszt\u00e1si funkci\u00f3k integr\u00e1lhat\u00f3k p\u00e9ld\u00e1ul:<\/p>\n\n\n\n<ul class=\"wp-block-list\">\n<li>t\u0171zjelz\u0151 rendszerekhez<\/li>\n\n\n\n<li>g\u00e1z\u00e9rz\u00e9kel\u0151 rendszerekhez<\/li>\n\n\n\n<li>ipari fel\u00fcgyeleti rendszerekhez<\/li>\n\n\n\n<li>l\u00e9tes\u00edtm\u00e9nyfel\u00fcgyeleti rendszerekhez<\/li>\n<\/ul>\n\n\n\n<p>Az egys\u00e9ges rendszerarchitekt\u00fara lehet\u0151v\u00e9 teszi, hogy a k\u00fcl\u00f6nb\u00f6z\u0151 vez\u00e9rl\u00e9si \u00e9s fel\u00fcgyeleti rendszerek egy\u00fcttm\u0171k\u00f6djenek a riaszt\u00e1si infrastrukt\u00far\u00e1val.<\/p>\n<\/div><\/div>\n","protected":false},"excerpt":{"rendered":"<p>Technol\u00f3gia Az EVAC v\u00e9szhelyzeti riaszt\u00f3- \u00e9s hangos\u00edt\u00e1si rendszerei egys\u00e9ges technol\u00f3giai architekt\u00far\u00e1ra \u00e9p\u00fclnek. A rendszer k\u00fcl\u00f6nb\u00f6z\u0151 komponensei \u2013 p\u00e9ld\u00e1ul szir\u00e9naegys\u00e9gek, belt\u00e9ri hangos\u00edt\u00e1si rendszerek, bemond\u00f3pultok \u00e9s vez\u00e9rl\u0151modulok \u2013 azonos m\u0171szaki alapokra \u00e9p\u00fclnek, \u00edgy a teljes rendszer homog\u00e9n fel\u00e9p\u00edt\u00e9s\u0171. Az egys\u00e9ges rendszerarchitekt\u00fara lehet\u0151v\u00e9 teszi, hogy a riaszt\u00e1si \u00e9s hangos\u00edt\u00e1si infrastrukt\u00fara k\u00fcl\u00f6nb\u00f6z\u0151 ipari vagy katasztr\u00f3fav\u00e9delmi k\u00f6rnyezetben is rugalmasan kialak\u00edthat\u00f3 &#8230; <a title=\"Technol\u00f3gia\" class=\"read-more\" href=\"https:\/\/www.evac.hu\/index.php\/technologia\/\" aria-label=\"Read more about Technol\u00f3gia\">Olvass tov\u00e1bb<\/a><\/p>\n","protected":false},"author":1,"featured_media":0,"parent":0,"menu_order":0,"comment_status":"closed","ping_status":"closed","template":"","meta":{"footnotes":""},"class_list":["post-273","page","type-page","status-publish"],"_links":{"self":[{"href":"https:\/\/www.evac.hu\/index.php\/wp-json\/wp\/v2\/pages\/273","targetHints":{"allow":["GET"]}}],"collection":[{"href":"https:\/\/www.evac.hu\/index.php\/wp-json\/wp\/v2\/pages"}],"about":[{"href":"https:\/\/www.evac.hu\/index.php\/wp-json\/wp\/v2\/types\/page"}],"author":[{"embeddable":true,"href":"https:\/\/www.evac.hu\/index.php\/wp-json\/wp\/v2\/users\/1"}],"replies":[{"embeddable":true,"href":"https:\/\/www.evac.hu\/index.php\/wp-json\/wp\/v2\/comments?post=273"}],"version-history":[{"count":3,"href":"https:\/\/www.evac.hu\/index.php\/wp-json\/wp\/v2\/pages\/273\/revisions"}],"predecessor-version":[{"id":371,"href":"https:\/\/www.evac.hu\/index.php\/wp-json\/wp\/v2\/pages\/273\/revisions\/371"}],"wp:attachment":[{"href":"https:\/\/www.evac.hu\/index.php\/wp-json\/wp\/v2\/media?parent=273"}],"curies":[{"name":"wp","href":"https:\/\/api.w.org\/{rel}","templated":true}]}}